factors of 2749883?
2749883
List the prime factors of 316499.
316499
What are the prime factors of 434915?
5, 13, 6691
List the prime factors of 6663004.
2, 433, 3847
List the prime factors of 83541.
3, 27847
List the prime factors of 29275.
5, 1171
List the prime factors of 19390872.
2, 3, 31, 67, 389
List the prime factors of 7246249.
7246249
List the prime factors of 214096.
2, 13381
What are the prime factors of 2349584?
2, 146849
What are the prime factors of 3359620?
2, 5, 11, 15271
What are the prime factors of 222529?
193, 1153
What are the prime factors of 4746105?
3, 5, 7, 13, 19, 61
List the prime factors of 486943.
486943
List the prime factors of 2139070.
2, 5, 409, 523
List the prime factors of 9923257.
17, 229, 2549
List the prime factors of 5765720.
2, 5, 17, 61, 139
What are the prime factors of 1139143?
1139143
What are the prime factors of 585309?
3, 195103
List the prime factors of 6494602.
2, 23, 59, 2393
List the prime factors of 208063.
17, 12239
List the prime factors of 1121902.
2, 97, 5783
What are the prime factors of 2182447?
23, 94889
What are the prime factors of 204677?
11, 23, 809
What are the prime factors of 10209572?
2, 2552393
List the prime factors of 165849.
3, 59, 937
List the prime factors of 1209664.
2, 41, 461
List the prime factors of 100762.
2, 83, 607
What are the prime factors of 792786?
2, 3, 71, 1861
List the prime factors of 8540479.
8540479
List the prime factors of 7019564.
2, 1754891
What are the prime factors of 4669572?
2, 3, 41, 9491
What are the prime factors of 16577157?
3, 31, 178249
List the prime factors of 3947261.
31, 127331
What are the prime factors of 1392126?
2, 3, 67, 3463
What are the prime factors of 10084228?
2, 7, 11, 29, 1129
List the prime factors of 6486896.
2, 13, 2399
List the prime factors of 1924020.
2, 3, 5, 7, 509
What are the prime factors of 97788?
2, 3, 29, 281
What are the prime factors of 148257?
3, 17, 19
What are the prime factors of 824157?
3, 91573
What are the prime factors of 901432?
2, 7, 16097
List the prime factors of 198555.
3, 5, 7, 31, 61
What are the prime factors of 1672370?
2, 5, 7, 3413
List the prime factors of 2256886.
2, 17, 41, 1619
What are the prime factors of 144145?
5, 127, 227
What are the prime factors of 3511183?
13, 163, 1657
What are the prime factors of 2262917?
61, 37097
List the prime factors of 4086926.
2, 419, 4877
What are the prime factors of 2037687?
3, 679229
What are the prime factors of 514492?
2, 11, 1063
What are the prime factors of 375444?
2, 3, 10429
What are the prime factors of 10078948?
2, 11, 37, 41, 151
List the prime factors of 1825325.
5, 73013
What are the prime factors of 1877133?
3, 47, 13313
What are the prime factors of 613222?
2, 379, 809
What are the prime factors of 3276955?
5, 11, 59581
What are the prime factors of 12811745?
5, 2562349
What are the prime factors of 195064?
2, 37, 659
What are the prime factors of 446486?
2, 223243
List the prime factors of 142075.
5, 5683
List the prime factors of 5747261.
13, 442097
List the prime factors of 1607877.
3, 17, 31, 113
List the prime factors of 6224092.
2, 7, 222289
List the prime factors of 1376216.
2, 172027
List the prime factors of 2634425.
5, 167, 631
What are the prime factors of 137733?
3, 31, 1481
What are the prime factors of 837610?
2, 5, 83761
List the prime factors of 948601.
47, 20183
List the prime factors of 985362.
2, 3, 7, 29, 809
List the prime factors of 313125.
3, 5, 167
What are the prime factors of 1169004?
2, 3, 61, 1597
List the prime factors of 326199.
3, 227, 479
List the prime factors of 1229926.
2, 614963
List the prime factors of 195964.
2, 48991
What are the prime factors of 227761?
421, 541
What are the prime factors of 304433?
304433
What are the prime factors of 7727606?
2, 3863803
What are the prime factors of 30787092?
2, 3, 7, 31, 563
List the prime factors of 4695073.
4695073
What are the prime factors of 439527?
3, 11, 19, 701
List the prime factors of 174749.
174749
What are the prime factors of 16335722?
2, 13, 37, 16981
What are the prime factors of 43633511?
641, 68071
List the prime factors of 14325020.
2, 5, 43, 16657
List the prime factors of 2163218.
2, 101, 10709
List the prime factors of 28832845.
5, 683, 8443
List the prime factors of 24988.
2, 6247
What are the prime factors of 18984?
2, 3, 7, 113
List the prime factors of 25629.
3, 8543
List the prime factors of 31638.
2, 3, 5273
What are the prime factors of 336901?
336901
What are the prime factors of 52413?
3, 17471
List the prime factors of 26840980.
2, 5, 1342049
List the prime factors of 8606275.
5, 344251
List the prime factors of 3227823.
3, 119549
List the prime factors of 128943.
3, 14327
List the prime factors of 644318.
2, 37, 8707
List the prime factors of 238310.
2, 5, 23831
List the prime factors of 2435608.
2, 7, 23, 31, 61
What are the prime factors of 3092692?
2, 79, 9787
What are the prime factors of 366006?
2, 3, 61001
What are the prime factors of 136545?
3, 5, 9103
What are the prime factors of 4214681?
23, 183247
List the prime factors of 217724.
2, 13, 53, 79
List the prime factors of 246739.
246739
List the prime factors of 203916.
2, 3, 16993
What are the prime factors of 9760359?
3, 7, 67, 991
What are the prime factors of 4551800?
2, 5, 11, 2069
List the prime factors of 1031775.
3, 5, 13757
What are the prime factors of 208866?
2, 3, 7, 4973
What are the prime factors of 442661?
599, 739
What are the prime factors of 490105?
5, 7, 11, 19, 67
What are the prime factors of 1025462?
2, 229, 2239
List the prime factors of 15688292.
2, 43, 197, 463
List the prime factors of 4586150.
2, 5, 37, 67
List the prime factors of 5149390.
2, 5, 514939
What are the prime factors of 480487?
7, 83, 827
List the prime factors of 11861418.
2, 3, 1976903
List the prime factors of 514780.
2, 5, 7, 3677
List the prime factors of 8372560.
2, 5, 7, 14951
What are the prime factors of 5170867?
13, 397759
List the prime factors of 3071448.
2, 3, 29, 1471
What are the prime factors of 219073?
73, 3001
List the prime factors of 23173.
23173
List the prime factors of 4457524.
2, 1114381
List the prime factors of 17156.
2, 4289
List the prime factors of 165530.
2, 5, 16553
What are the prime factors of 17153830?
2, 5, 853, 2011
List the prime factors of 135327.
3, 79, 571
List the prime factors of 9280296.
2, 3, 61, 2113
What are the prime factors of 12559661?
661, 19001
What are the prime factors of 530713?
530713
List the prime factors of 1055081.
113, 9337
What are the prime factors of 1763948?
2, 440987
List the prime factors of 200695.
5, 11, 41, 89
What are the prime factors of 273924?
2, 3, 7, 1087
What are the prime factors of 17628101?
97, 263, 691
List the prime factors of 1161248.
2, 11, 3299
What are the prime factors of 251749?
29, 8681
List the prime factors of 633567.
3, 11, 73, 263
List the prime factors of 280766.
2, 79, 1777
What are the prime factors of 374012?
2, 93503
List the prime factors of 479009.
17, 19, 1483
List the prime factors of 1413880.
2, 5, 13, 2719
List the prime factors of 25823905.
5, 5164781
What are the prime factors of 4456015?
5, 107, 8329
List the prime factors of 397774.
2, 13, 15299
What are the prime factors of 1675014?
2, 3, 11, 41, 619
List the prime factors of 211444.
2, 52861
What are the prime factors of 12104664?
2, 3, 11, 13, 3527
List the prime factors of 864901.
864901
List the prime factors of 469479.
3, 156493
List the prime factors of 566894.
2, 283447
List the prime factors of 15924449.
3853, 4133
What are the prime factors of 480326?
2, 7, 11, 3119
What are the prime factors of 31635265?
5, 1579, 4007
List the prime factors of 301940.
2, 5, 31, 487
What are the prime factors of 601990?
2, 5, 37, 1627
List the prime factors of 1913570.
2, 5, 61, 3137
List the prime factors of 1977568.
2, 29, 2131
List the prime factors of 1409508.
2, 3, 31, 421
What are the prime factors of 294747?
3, 19, 5171
List the prime factors of 3792986.
2, 263, 7211
What are the prime factors of 2123897?
2123897
What are the prime factors of 266220?
2, 3, 5, 17, 29
What are the prime factors of 2916844?
2, 7, 104173
List the prime factors of 795067.
7, 13, 8737
List the prime factors of 960304.
2, 47, 1277
What are 